{"id":78,"date":"2022-03-29T10:11:29","date_gmt":"2022-03-29T13:11:29","guid":{"rendered":"https:\/\/cflca.com.br\/2022\/?page_id=78"},"modified":"2022-04-10T10:08:58","modified_gmt":"2022-04-10T13:08:58","slug":"planejamento","status":"publish","type":"page","link":"https:\/\/cflca.com.br\/2022\/planejamento\/","title":{"rendered":"Planejamento"},"content":{"rendered":"\n<p>Al\u00e9m do hist\u00f3rico, a CFL realiza um estudo de qual \u00e9 o valor recomendado para as contribui\u00e7\u00f5es futuras, e qual ser\u00e1 a quantidade a ser recebida do benef\u00edcio almejado. Como a contrata\u00e7\u00e3o deste servi\u00e7o, voc\u00ea ter\u00e1 uma estrada pavimentada e iluminada \u00e0 sua frente.<\/p>\n","protected":false},"excerpt":{"rendered":"<p>Al\u00e9m do hist\u00f3rico, a CFL realiza um estudo de qual \u00e9 o valor recomendado para as contribui\u00e7\u00f5es futuras, e qual ser\u00e1 a quantidade a ser recebida do benef\u00edcio almejado. Como a contrata\u00e7\u00e3o deste servi\u00e7o, voc\u00ea ter\u00e1 uma estrada pavimentada e iluminada \u00e0 sua frente.<\/p>\n","protected":false},"author":1,"featured_media":285,"parent":0,"menu_order":0,"comment_status":"closed","ping_status":"closed","template":"","meta":{"footnotes":""},"class_list":["post-78","page","type-page","status-publish","has-post-thumbnail","hentry"],"_links":{"self":[{"href":"https:\/\/cflca.com.br\/2022\/wp-json\/wp\/v2\/pages\/78","targetHints":{"allow":["GET"]}}],"collection":[{"href":"https:\/\/cflca.com.br\/2022\/wp-json\/wp\/v2\/pages"}],"about":[{"href":"https:\/\/cflca.com.br\/2022\/wp-json\/wp\/v2\/types\/page"}],"author":[{"embeddable":true,"href":"https:\/\/cflca.com.br\/2022\/wp-json\/wp\/v2\/users\/1"}],"replies":[{"embeddable":true,"href":"https:\/\/cflca.com.br\/2022\/wp-json\/wp\/v2\/comments?post=78"}],"version-history":[{"count":2,"href":"https:\/\/cflca.com.br\/2022\/wp-json\/wp\/v2\/pages\/78\/revisions"}],"predecessor-version":[{"id":227,"href":"https:\/\/cflca.com.br\/2022\/wp-json\/wp\/v2\/pages\/78\/revisions\/227"}],"wp:featuredmedia":[{"embeddable":true,"href":"https:\/\/cflca.com.br\/2022\/wp-json\/wp\/v2\/media\/285"}],"wp:attachment":[{"href":"https:\/\/cflca.com.br\/2022\/wp-json\/wp\/v2\/media?parent=78"}],"curies":[{"name":"wp","href":"https:\/\/api.w.org\/{rel}","templated":true}]}}