{"id":79,"date":"2022-03-29T10:11:29","date_gmt":"2022-03-29T13:11:29","guid":{"rendered":"https:\/\/cflca.com.br\/2022\/?page_id=79"},"modified":"2022-04-10T10:10:36","modified_gmt":"2022-04-10T13:10:36","slug":"contribuicao-mensal","status":"publish","type":"page","link":"https:\/\/cflca.com.br\/2022\/contribuicao-mensal\/","title":{"rendered":"Contribui\u00e7\u00e3o Mensal"},"content":{"rendered":"\n<p>Contribui\u00e7\u00e3o Mensal<br>Oferecemos tamb\u00e9m o pagamento das contribui\u00e7\u00f5es mensais, trazendo profissionalismo e comodidade para nossos clientes, a CFL te oferece autonomia neste servi\u00e7o.<\/p>\n","protected":false},"excerpt":{"rendered":"<p>Contribui\u00e7\u00e3o MensalOferecemos tamb\u00e9m o pagamento das contribui\u00e7\u00f5es mensais, trazendo profissionalismo e comodidade para nossos clientes, a CFL te oferece autonomia neste servi\u00e7o.<\/p>\n","protected":false},"author":1,"featured_media":286,"parent":0,"menu_order":0,"comment_status":"closed","ping_status":"closed","template":"","meta":{"footnotes":""},"class_list":["post-79","page","type-page","status-publish","has-post-thumbnail","hentry"],"_links":{"self":[{"href":"https:\/\/cflca.com.br\/2022\/wp-json\/wp\/v2\/pages\/79","targetHints":{"allow":["GET"]}}],"collection":[{"href":"https:\/\/cflca.com.br\/2022\/wp-json\/wp\/v2\/pages"}],"about":[{"href":"https:\/\/cflca.com.br\/2022\/wp-json\/wp\/v2\/types\/page"}],"author":[{"embeddable":true,"href":"https:\/\/cflca.com.br\/2022\/wp-json\/wp\/v2\/users\/1"}],"replies":[{"embeddable":true,"href":"https:\/\/cflca.com.br\/2022\/wp-json\/wp\/v2\/comments?post=79"}],"version-history":[{"count":2,"href":"https:\/\/cflca.com.br\/2022\/wp-json\/wp\/v2\/pages\/79\/revisions"}],"predecessor-version":[{"id":232,"href":"https:\/\/cflca.com.br\/2022\/wp-json\/wp\/v2\/pages\/79\/revisions\/232"}],"wp:featuredmedia":[{"embeddable":true,"href":"https:\/\/cflca.com.br\/2022\/wp-json\/wp\/v2\/media\/286"}],"wp:attachment":[{"href":"https:\/\/cflca.com.br\/2022\/wp-json\/wp\/v2\/media?parent=79"}],"curies":[{"name":"wp","href":"https:\/\/api.w.org\/{rel}","templated":true}]}}