{"id":99,"date":"2022-03-29T10:25:17","date_gmt":"2022-03-29T13:25:17","guid":{"rendered":"https:\/\/cflca.com.br\/2022\/?page_id=99"},"modified":"2022-04-23T10:38:28","modified_gmt":"2022-04-23T13:38:28","slug":"protecao-hipotecaria","status":"publish","type":"page","link":"https:\/\/cflca.com.br\/2022\/protecao-hipotecaria\/","title":{"rendered":"Prote\u00e7\u00e3o Hipotec\u00e1ria"},"content":{"rendered":"\n<p>Prote\u00e7\u00e3o Hipotec\u00e1ria<br>O plano para a prote\u00e7\u00e3o da sua hipoteca \u00e9 simples e acess\u00edvel. <strong>Ele n\u00e3o deixa voc\u00ea e sua fam\u00edlia de ca\u00edrem na execu\u00e7\u00e3o hipotec\u00e1ria, caso ocorram eventos inesperados<\/strong>, que possam amea\u00e7ar sua capacidade de fazer o pagamento da hipoteca em dia.<\/p>\n\n\n\n<figure class=\"wp-block-embed is-type-video is-provider-vimeo wp-block-embed-vimeo wp-embed-aspect-16-9 wp-has-aspect-ratio\"><div class=\"wp-block-embed__wrapper\">\n<iframe loading=\"lazy\" title=\"Proteja Sua Hipoteca\" src=\"https:\/\/player.vimeo.com\/video\/270160851?h=6ad276880b&amp;dnt=1&amp;app_id=122963\" width=\"750\" height=\"422\" frameborder=\"0\" allow=\"autoplay; fullscreen; picture-in-picture\" allowfullscreen><\/iframe>\n<\/div><\/figure>\n","protected":false},"excerpt":{"rendered":"<p>Prote\u00e7\u00e3o Hipotec\u00e1riaO plano para a prote\u00e7\u00e3o da sua hipoteca \u00e9 simples e acess\u00edvel. Ele n\u00e3o deixa voc\u00ea e sua fam\u00edlia de ca\u00edrem na execu\u00e7\u00e3o hipotec\u00e1ria, caso ocorram eventos inesperados, que possam amea\u00e7ar sua capacidade de fazer o pagamento da hipoteca em dia.<\/p>\n","protected":false},"author":1,"featured_media":294,"parent":0,"menu_order":0,"comment_status":"closed","ping_status":"closed","template":"","meta":{"footnotes":""},"class_list":["post-99","page","type-page","status-publish","has-post-thumbnail","hentry"],"_links":{"self":[{"href":"https:\/\/cflca.com.br\/2022\/wp-json\/wp\/v2\/pages\/99","targetHints":{"allow":["GET"]}}],"collection":[{"href":"https:\/\/cflca.com.br\/2022\/wp-json\/wp\/v2\/pages"}],"about":[{"href":"https:\/\/cflca.com.br\/2022\/wp-json\/wp\/v2\/types\/page"}],"author":[{"embeddable":true,"href":"https:\/\/cflca.com.br\/2022\/wp-json\/wp\/v2\/users\/1"}],"replies":[{"embeddable":true,"href":"https:\/\/cflca.com.br\/2022\/wp-json\/wp\/v2\/comments?post=99"}],"version-history":[{"count":3,"href":"https:\/\/cflca.com.br\/2022\/wp-json\/wp\/v2\/pages\/99\/revisions"}],"predecessor-version":[{"id":373,"href":"https:\/\/cflca.com.br\/2022\/wp-json\/wp\/v2\/pages\/99\/revisions\/373"}],"wp:featuredmedia":[{"embeddable":true,"href":"https:\/\/cflca.com.br\/2022\/wp-json\/wp\/v2\/media\/294"}],"wp:attachment":[{"href":"https:\/\/cflca.com.br\/2022\/wp-json\/wp\/v2\/media?parent=99"}],"curies":[{"name":"wp","href":"https:\/\/api.w.org\/{rel}","templated":true}]}}